{"id":16130,"date":"2016-07-07T12:47:21","date_gmt":"2016-07-07T10:47:21","guid":{"rendered":"http:\/\/www.schwierenstein.de\/schwieren2\/?page_id=16130"},"modified":"2021-10-26T16:27:26","modified_gmt":"2021-10-26T14:27:26","slug":"ausbildung","status":"publish","type":"page","link":"https:\/\/www.schwierenstein.de\/steinmetzwerkstaetten\/ausbildung\/","title":{"rendered":"Ausbildung"},"content":{"rendered":"<section class=\"wpb-content-wrapper\"><p>[vc_row][vc_column][vc_column_text]<strong>Ausbildung bei den Schwieren Steinmetzwerkst\u00e4tten<\/strong><\/p>\n<p><img decoding=\"async\" loading=\"lazy\" class=\"wp-image-15788 size-medium alignright\" src=\"http:\/\/www.schwierenstein.de\/schwieren2\/wp-content\/uploads\/2016\/05\/Schwieren-1772-300x201.jpg\" width=\"300\" height=\"201\" srcset=\"https:\/\/www.schwierenstein.de\/steinmetzwerkstaetten\/wp-content\/uploads\/2016\/05\/Schwieren-1772-300x201.jpg 300w, https:\/\/www.schwierenstein.de\/steinmetzwerkstaetten\/wp-content\/uploads\/2016\/05\/Schwieren-1772-600x402.jpg 600w, https:\/\/www.schwierenstein.de\/steinmetzwerkstaetten\/wp-content\/uploads\/2016\/05\/Schwieren-1772-768x514.jpg 768w, https:\/\/www.schwierenstein.de\/steinmetzwerkstaetten\/wp-content\/uploads\/2016\/05\/Schwieren-1772-1024x685.jpg 1024w\" sizes=\"(max-width: 300px) 100vw, 300px\" \/>Die qualifizierte Ausbildung im Steinmetzhandwerk ist die Zukunft unserer Meisterbetriebe. Seit 1983 bis heute bilden wir durchg\u00e4ngig im Steinmetzhandwerk aus. Wir empfinden die Verantwortung f\u00fcr junge Menschen und die Mitarbeit junger Menschen in unserem Unternehmen stets als gro\u00dfe Bereicherung. Auch die Auseinandersetzung mit schwierigen Themen innerhalb der Ausbildung fordert und f\u00f6rdert das menschliche und betriebliche Selbstverst\u00e4ndnis.<\/p>\n<p>Aufgrund besonderer F\u00e4higkeiten und guten Leistungen konnten etliche Auszubildende ihre Pr\u00fcfung im Steinmetz- und Steinbildhauerhandwerk vorzeitig absolvieren und in einigen F\u00e4llen als Preistr\u00e4ger auf Kammerebene hervorgehen. Die Lebenswege der vorgenannten Auszubildenden sind uns \u00fcberwiegend bekannt. Somit freut es uns, dass fast alle im Steinmetzhandwerk, in der Natursteinbranche oder artverwandten Berufen arbeiten.<\/p>\n<p>Das Erlernen unseres Handwerks bietet nach wie vor gro\u00dfe berufliche Chancen. Die qualitativ hochwertige Ausbildung innerhalb unseres dualen Ausbildungssystems ist auch im europ\u00e4ischem Ausland gesch\u00e4tzt und anerkannt. Die Erlangung des Meistertitels bzw. Weiterbildung in allen Bereichen der Natursteinbranche \u00f6ffnet zahlreiche berufliche Perspektiven.[\/vc_column_text][\/vc_column][\/vc_row][vc_row][vc_column width=&#8220;1\/1&#8243;][vc_column_text]<span style=\"color: #616161;\"><strong>Auszubildende bei Schwieren seit November 1979<\/strong><\/span>[\/vc_column_text][\/vc_column][\/vc_row][vc_row][vc_column width=&#8220;1\/2&#8243;]<div class=\"minti_list wpb_content_element color-grey circle show_separator\" style=\"\">Rangold Bonk 1983 \u2013 1986<br \/>\nMichal Wagner 1983 \u2013 1986<br \/>\nCaroline Schmid 1986 \u2013 1989<br \/>\nAndreas Kleinhenz 1986 \u2013 1989<br \/>\nChristian Winkel 1988 \u2013 1991<br \/>\nWinfried Orth 1988 \u2013 1991<br \/>\nOlaf Wulf 1991 \u2013 1994<br \/>\nAndr\u00e9 Nitsche 1993 \u2013 1996<br \/>\nPeter Pisters 1994 \u2013 1997<br \/>\nJan Becker 1995 \u2013 1998<br \/>\nMartin Cichon 1997 \u2013 1999<\/div>[\/vc_column][vc_column width=&#8220;1\/2&#8243;]<div class=\"minti_list wpb_content_element color-grey circle show_separator\" style=\"\">Sven Mund 1999 \u2013 2002<br \/>\nJan Schwieren 2000 \u2013 2002<br \/>\nDavid B\u00fctow 2002 \u2013 2004<br \/>\nTekin Aras 2005 \u2013 2006<br \/>\nPatrick Engels 2006 \u2013 2009<br \/>\nClemens Junk 2012 \u2013 2015<br \/>\nHilarius Schwarz 2015 &#8211; heute<br \/>\nDavid Messing\u00a0 2016 \u2013 heute<\/div>[\/vc_column][\/vc_row]<\/p>\n<\/section>","protected":false},"excerpt":{"rendered":"<p>[vc_row][vc_column][vc_column_text]Ausbildung bei den Schwieren Steinmetzwerkst\u00e4tten Die qualifizierte Ausbildung im Steinmetzhandwerk ist die Zukunft unserer Meisterbetriebe. Seit 1983 bis heute bilden wir durchg\u00e4ngig im Steinmetzhandwerk aus. Wir empfinden die Verantwortung f\u00fcr junge Menschen und die Mitarbeit junger Menschen in unserem Unternehmen stets als gro\u00dfe Bereicherung. Auch die Auseinandersetzung mit schwierigen Themen innerhalb der Ausbildung fordert und f\u00f6rdert das menschliche und betriebliche Selbstverst\u00e4ndnis. Aufgrund besonderer F\u00e4higkeiten und guten Leistungen konnten etliche Auszubildende ihre Pr\u00fcfung im Steinmetz- und Steinbildhauerhandwerk vorzeitig absolvieren und in einigen F\u00e4llen als Preistr\u00e4ger auf Kammerebene hervorgehen. Die Lebenswege der vorgenannten Auszubildenden sind uns \u00fcberwiegend bekannt. Somit freut es uns, dass fast alle im Steinmetzhandwerk, in der Natursteinbranche oder artverwandten Berufen arbeiten. Das Erlernen unseres Handwerks bietet nach wie vor gro\u00dfe berufliche Chancen. Die qualitativ hochwertige Ausbildung innerhalb unseres dualen Ausbildungssystems ist auch im europ\u00e4ischem Ausland gesch\u00e4tzt und anerkannt. Die Erlangung des Meistertitels bzw. Weiterbildung in allen Bereichen der Natursteinbranche \u00f6ffnet zahlreiche berufliche Perspektiven.[\/vc_column_text][\/vc_column][\/vc_row][vc_row][vc_column width=&#8220;1\/1&#8243;][vc_column_text]Auszubildende bei Schwieren seit November 1979[\/vc_column_text][\/vc_column][\/vc_row][vc_row][vc_column width=&#8220;1\/2&#8243;][\/vc_column][vc_column width=&#8220;1\/2&#8243;][\/vc_column][\/vc_row]<\/p>\n","protected":false},"author":1,"featured_media":0,"parent":0,"menu_order":0,"comment_status":"closed","ping_status":"closed","template":"","meta":{"_bbp_topic_count":0,"_bbp_reply_count":0,"_bbp_total_topic_count":0,"_bbp_total_reply_count":0,"_bbp_voice_count":0,"_bbp_anonymous_reply_count":0,"_bbp_topic_count_hidden":0,"_bbp_reply_count_hidden":0,"_bbp_forum_subforum_count":0},"_links":{"self":[{"href":"https:\/\/www.schwierenstein.de\/steinmetzwerkstaetten\/wp-json\/wp\/v2\/pages\/16130"}],"collection":[{"href":"https:\/\/www.schwierenstein.de\/steinmetzwerkstaetten\/wp-json\/wp\/v2\/pages"}],"about":[{"href":"https:\/\/www.schwierenstein.de\/steinmetzwerkstaetten\/wp-json\/wp\/v2\/types\/page"}],"author":[{"embeddable":true,"href":"https:\/\/www.schwierenstein.de\/steinmetzwerkstaetten\/wp-json\/wp\/v2\/users\/1"}],"replies":[{"embeddable":true,"href":"https:\/\/www.schwierenstein.de\/steinmetzwerkstaetten\/wp-json\/wp\/v2\/comments?post=16130"}],"version-history":[{"count":16,"href":"https:\/\/www.schwierenstein.de\/steinmetzwerkstaetten\/wp-json\/wp\/v2\/pages\/16130\/revisions"}],"predecessor-version":[{"id":17064,"href":"https:\/\/www.schwierenstein.de\/steinmetzwerkstaetten\/wp-json\/wp\/v2\/pages\/16130\/revisions\/17064"}],"wp:attachment":[{"href":"https:\/\/www.schwierenstein.de\/steinmetzwerkstaetten\/wp-json\/wp\/v2\/media?parent=16130"}],"curies":[{"name":"wp","href":"https:\/\/api.w.org\/{rel}","templated":true}]}}